a composite number?
True
Let j = 3 + -1. Let u be 12 + -7 + (-8 - 0). Is (664/(-12)*u)/j a composite number?
False
Suppose -j + 7 + 15 = 2*s, -4*s + 3*j + 54 = 0. Suppose 19591 = m + s*m. Is m a composite number?
True
Suppose 2*c + 0*c + 6 = 0, -4*o = c + 7. Let l(n) = -363*n**2 - 1. Let t be l(o). Let r = 519 + t. Is r prime?
False
Suppose -67*g = -355410 - 883889. Is g a composite number?
True
Suppose 10 = r + 2*h, 0 = -r - h + 4*h. Suppose -2*o = -r*o - 2344. Is (3 + -1)*o/(-4) a composite number?
False
Let a = 27 + -23. Suppose 20 = i + a*i. Is 3/i + (-457)/(-4) prime?
False
Let i(c) = -14*c**2 - 6*c + 14. Let q be i(-6). Let b = 1021 + q. Suppose k + 1 = -2, -b = -4*u + k. Is u a composite number?
True
Suppose -4*y + 44 = -4*c, 0 = 7*y - 8*y + 4*c + 8. Suppose -2*f - y + 250 = 0. Is f prime?
False
Let a(n) = -196*n + 409. Is a(-13) a composite number?
False
Suppose 4*m + 4 = 2*m. Let o be 10/(m - (1 - 2)). Let c(n) = 2*n**2 + 12*n + 9. Is c(o) a composite number?
False
Let k be 8*4*5/40. Suppose 5*u - 3*l = 2425, 0 = k*l + l. Is u a composite number?
True
Suppose -35*q - 11431 = -42*q. Is q prime?
False
Let h be (-2)/(-15) + (-290)/(-75). Suppose h*f + 3*v - 200 = v, 3*f - 151 = -v. Is f a prime number?
False
Suppose 36*h = -65*h + 9944561. Is h composite?
True
Suppose 0 = -3*o + 4*o - 25. Suppose -3*s + 600 + 275 = -2*i, 5*i = o. Is s composite?
True
Let y(f) = -622*f - 1. Let l be y(5). Suppose 2*r = 5*z + 3*r + 22355, -3*z = 2*r + 13406. Let v = l - z. Is v a composite number?
False
Let g be ((-6)/(-10))/(5/50). Suppose 0*p - 3*p = -g. Suppose a + p*q = 41, -4*a - 2*q + 173 = -3*q. Is a prime?
True
Let b be ((-89)/3)/((-8)/144). Is (1/2)/((3/b)/1) a prime number?
True
Suppose 8*l = 4*l + 60. Suppose -4*t - 6 = 2*w - 20, -3*w + 31 = -4*t. Suppose v - 5*f + w = 0, -4*f + 23 = 2*v - l. Is v prime?
True
Let i(m) = 2*m**3 + 3*m**2 - m - 3. Let v(y) = -y**2 + 7*y + 5. Let n = 4 - -3. Let t be v(n). Is i(t) a composite number?
False
Let x(s) = 192*s**2 - 15*s + 26. Is x(11) prime?
False
Suppose l = -5*g + 650, -4*l - 4*g = -g - 2634. Suppose -l + 128 = -4*n. Is n a composite number?
True
Let z be 34*-1*(1 + -2). Let f(w) = -4*w + 3*w + 3*w + z*w**2 + 7*w**2 + 3. Is f(-2) a prime number?
True
Let m be ((-10)/20)/(1/14). Let g(w) = -w**2 - 8*w - 2. Let k be g(m). Suppose s - 104 = -x - 2*s, 0 = -k*x - 4*s + 553. Is x composite?
False
Is 6402/24 + (-7)/(-28) prime?
False
Let c(q) = -q**3 + 8*q**2 + 8*q + 13. Let p(f) = -f**2 + 8*f + 2. Let u be p(7). Let w be c(u). Suppose 0 = w*h - 3*h - 397. Is h composite?
False
Let d be (12/3 - 0) + -4. Suppose l + j + j = 111, d = -4*l + j + 462. Let m = 94 + l. Is m prime?
False
Let k = -35484 - -60497. Is k composite?
False
Let o(i) = -i**3 + 7*i**2 - i + 12. Let l be o(6). Let n be (-4)/14 + 180/l. Let h(t) = 3*t**3 - 3*t**2 - t + 5. Is h(n) a prime number?
False
Let k = 3570 + -1406. Let a = k - -1107. Is a prime?
True
Let g = -17340 + 27347. Is g a composite number?
False
Let z(p) = -3*p + 1. Let h be (2/(-3))/((-10)/15). Let u be z(h). Let k(o) = 54*o**2 + 5*o + 5. Is k(u) a prime number?
True
Let k(d) = 99*d**2 - 24*d - 7. Is k(-8) a composite number?
False
Let l = 9987 - -1825. Suppose -3*w - w + l = 0. Is w prime?
True
Let p = -50 - -91. Let d(j) = j**3 + 8*j**2 - 10*j - 7. Let a be d(-9). Suppose 40 = c - h, -a*c + 127 = -4*h + p. Is c prime?
True
Let g be ((-8)/(-6))/(5/15). Suppose -o = g*o - 245. Is o a composite number?
True
Suppose 2940 = -2*m - 2*w + 12184, 4*m - 2*w = 18482. Is m a composite number?
False
Suppose 2*s - i - 3971 = 0, -2*s + 3*s - 2*i = 1987. Is s prime?
False
Suppose 0 = -4*r + 23*b - 22*b + 3834, 0 = -5*r - 5*b + 4805. Is r composite?
True
Let q(c) be the third derivative of -277*c**4/24 + 49*c**3/6 + 44*c**2. Is q(-10) prime?
True
Suppose 38 = 3*h - 4*c - 26, -3*h + 3*c + 60 = 0. Let f(k) = h*k - 6*k + 2 + 11*k - 3. Is f(12) prime?
True
Let n(w) be the first derivative of -49*w**4/4 - w**3 + 3*w**2 + 5*w + 14. Is n(-3) a composite number?
False
Is 6/(-8) + 28511329/476 prime?
False
Let b(d) = -11*d**2 - 71*d + 72*d + 45*d**2. Is b(-2) prime?
False
Suppose -5*v = r - 2*r + 369, 0 = v + 2. Is r a prime number?
True
Suppose 7*p - 3*p = 8. Suppose -i + 4*i - 1444 = 2*b, p*i - 981 = 5*b. Is i a prime number?
False
Suppose 5*x = -28*x + 3597. Is x a prime number?
True
Suppose 0 = 2*f - 1422 - 2042. Let s = f + -1097. Suppose 4*w - s = -w. Is w composite?
False
Let w(m) = 752*m**2 - m - 2. Is w(-1) a prime number?
True
Is 1137*(5 - 804/(-18)) a composite number?
True
Let i(y) = -4*y - 3. Let a be i(-2). Suppose h - 1540 = -a. Is h a prime number?
False
Let d(b) = -82*b**2 - 4*b - 2. Let q(y) = -y**2 - y - 1. Let p(o) = -d(o) + q(o). Is p(-3) composite?
True
Let k(s) = -433*s - 49. Is k(-39) a prime number?
False
Let u(x) = -3073*x**3 + 5*x**2 + 13*x + 15. Is u(-2) a prime number?
True
Let x(p) be the first derivative of 3*p**4/4 + 4*p**3/3 - 5*p**2/2 - 3*p - 6. Let o be x(5). Suppose 3*f - 6*f = -o. Is f composite?
False
Suppose 3*m = -16 - 5. Let h be (-6)/21 - 2/m. Is (154/(-7))/(h + -1) composite?
True
Let v = 126 + -126. Suppose 6*w - 14 = 4*w. Suppose v = -w*i + 2*i + 2545. Is i a prime number?
True
Suppose 93*v = 95*v - 12652. Suppose u + u - v = 0. Is u composite?
False
Let s = 323 + -16. Is s a prime number?
True
Let c be -3 - (-1 - (3 + 83)). Let g be (c/18)/(2/3). Suppose -w + d + 54 + g = 0, -20 = -5*d. Is w prime?
False
Suppose -58 = 7*d - 79. Suppose 0 = 8*h - 6*h + i - 5118, 7679 = d*h + 2*i. Is h a composite number?
False
Is (-17763)/(-4) - (-10 + 390/40) prime?
True
Let v = -14 - -21. Let z(s) = -6*s**3 + 13*s**2 + 9*s - 3. Let h(o) = 5*o**3 - 12*o**2 - 8*o + 2. Let n(m) = -5*h(m) - 4*z(m). Is n(v) composite?
False
Let b = 151 + -47. Let l = b + 569. Is l composite?
False
Let i = -110 - -897. Is i a composite number?
False
Is 10/(2*(-6)/(-978)) a composite number?
True
Let z(j) = -17*j + 4. Let u be -1 - -4*(-15)/12. Is z(u) composite?
True
Let y(j) = 3*j**3 + 28*j**2 + 45*j + 101. Is y(21) a composite number?
False
Let a(i) = 288*i + 407*i - 377*i + 379*i + 1. Is a(4) composite?
False
Let z(h) = h**3 + 21*h**2 - 48*h - 40. Is z(-19) a composite number?
True
Suppose 0 = -3*q + o + 2*o - 18, 4*o = 12. Let z(a) = -13*a**3 - 5*a**2 - 5*a - 3. Let u be z(q). Suppose 5*s - 1599 = -3*x - x, -s + u = -x. Is s composite?
True
Suppose 4*o = 2*s + 4, -2*o + 6 + 4 = -5*s. Is ((-78851)/58)/(1/s) prime?
True
Let v(s) be the third derivative of -s**4/4 - s**3/6 - 90*s**2. Suppose 12 = -4*w + 2*w. Is v(w) a composite number?
True
Let p be ((-1)/1 + 0)*2. Let h be -4*2*p/8. Suppose 0 = b + h*w - 683, -3*b + w = -w - 2033. Is b a prime number?
False
Let b = -16 + 19. Let n(j) = 123*j + 10. Is n(b) a composite number?
False
Suppose 11*h + 4907 = -17720. Let l = -714 - h. Is l prime?
False
Suppose 14*w - 9*w + 15 = 0. Is (1*w)/((-3)/97) prime?
True
Let j(s) = 4*s + 103*s + 44*s + 4. Is j(7) a composite number?
False
Let t(d) = d**2 + 5*d - 6. Let k be t(-7). Suppose -k*w + 13*w = 10. Let j(b) = b**2 + b + 1. Is j(w) prime?
True
Suppose 0 = -r - 2*r + 234. Suppose 3*g - r = 90. Suppose -17 = l - g. Is l prime?
False
Let u be 2/15 - (-5128)/15. Let f be (185/3)/(1/(-3)). Let i = f + u. Is i a prime number?
True
Let c(u) = -707*u**3 + 4*u**2 - u - 3. Is c(-2) a prime number?
False
Let h = 12177 + -7850. Is h prime?
True
Suppose -70818 = -70*d + 77372. Is d a composite number?
True
Suppose 2*g + 50 = -l, 0 = 3*l - g + 5*g + 140. Is 1 + l/(-1)*(-5)/(-4) a composite number?
True
Suppose 0 = -3*f - 4*p + 8585 + 892, 0 = 4*f - 4*p - 12664. Is f composite?
False
Let h(v) = -6308*v - 383. Is h(-8) a composite number?
True
Let j be (1*-12)/(-3) - 1. Let d(k) = -j*k - 10 - 6*k + 4*k - 4*k. Is d(-9) composite?
False
Is (-9295)/(-5) - 2/(-3)*3 prime?
True
Is 62/12*490 + 138/(-207) a prime number?
True
Suppose 5 = -4*m + 5*v + 18, 5*m = 2*v + 12. Suppose 4*h = -m*u + 340, 3*u - 4*u - 178 = -2*h. Is h prime?
False
Let u(x) = x**2 + 12*x - 3. Let w be u(-11). Let s = -25 - w. Let n = s - -46. Is n prime?
False
Let r = -6773 - -37200. Is r a composite number?
False
Let q = 1611 + -956. Suppose 0 = 5*u - 3*i - q, 283 = -u + 3*u + 3*i. Is u a prime number?
False
Let f = 26 - 22. Suppose -6 = -g - 